{"id":82476,"date":"2020-04-29T16:20:01","date_gmt":"2020-04-29T16:20:01","guid":{"rendered":"https:\/\/www.aswakdelivery.com\/casablanca\/produit\/galettes-de-riz-complet-bjorg\/"},"modified":"2026-05-04T05:52:55","modified_gmt":"2026-05-04T04:52:55","slug":"galettes-de-riz-complet-bjorg","status":"publish","type":"product","link":"https:\/\/www.aswakdelivery.com\/casablanca\/produit\/galettes-de-riz-complet-bjorg\/","title":{"rendered":"GALETTES DE RIZ COMPLET BJORG"},"content":{"rendered":"<p>Pour 100gnValeur \u00e9nerg\u00e9tique (kJ) 1652   Valeur \u00e9nerg\u00e9tique (kcal)  390   Graisses (g)  3,5   dont acides gras satur\u00e9s (g)  0,5   Glucides (g)  80   dont sucres (g)  0,5   Fibres (g)  3,3   Prot\u00e9ines (g) 8   Sel (g)     0,25<\/p>\n","protected":false},"excerpt":{"rendered":"<p>Pour 100gnValeur \u00e9nerg\u00e9tique (kJ) 1652 Valeur \u00e9nerg\u00e9tique (kcal) 390 Graisses (g) 3,5 dont acides gras satur\u00e9s (g) 0,5 Glucides (g) 80 dont sucres (g) 0,5 Fibres (g) 3,3 Prot\u00e9ines (g) 8 Sel (g) 0,25<\/p>\n","protected":false},"featured_media":5669414,"comment_status":"open","ping_status":"open","template":"","meta":{"_themeisle_gutenberg_block_has_review":false},"product_brand":[],"product_cat":[635,641],"product_tag":[],"class_list":{"0":"post-82476","1":"product","2":"type-product","3":"status-publish","4":"has-post-thumbnail","6":"product_cat-biscuiterie-confiserie","7":"product_cat-petit-dejeuner","8":"pa_ean1-3778","9":"pa_ean2-3779","11":"first","12":"instock","13":"taxable","14":"shipping-taxable","15":"purchasable","16":"product-type-simple"},"jetpack_sharing_enabled":true,"_links":{"self":[{"href":"https:\/\/www.aswakdelivery.com\/casablanca\/wp-json\/wp\/v2\/product\/82476","targetHints":{"allow":["GET"]}}],"collection":[{"href":"https:\/\/www.aswakdelivery.com\/casablanca\/wp-json\/wp\/v2\/product"}],"about":[{"href":"https:\/\/www.aswakdelivery.com\/casablanca\/wp-json\/wp\/v2\/types\/product"}],"replies":[{"embeddable":true,"href":"https:\/\/www.aswakdelivery.com\/casablanca\/wp-json\/wp\/v2\/comments?post=82476"}],"wp:featuredmedia":[{"embeddable":true,"href":"https:\/\/www.aswakdelivery.com\/casablanca\/wp-json\/wp\/v2\/media\/5669414"}],"wp:attachment":[{"href":"https:\/\/www.aswakdelivery.com\/casablanca\/wp-json\/wp\/v2\/media?parent=82476"}],"wp:term":[{"taxonomy":"product_brand","embeddable":true,"href":"https:\/\/www.aswakdelivery.com\/casablanca\/wp-json\/wp\/v2\/product_brand?post=82476"},{"taxonomy":"product_cat","embeddable":true,"href":"https:\/\/www.aswakdelivery.com\/casablanca\/wp-json\/wp\/v2\/product_cat?post=82476"},{"taxonomy":"product_tag","embeddable":true,"href":"https:\/\/www.aswakdelivery.com\/casablanca\/wp-json\/wp\/v2\/product_tag?post=82476"}],"curies":[{"name":"wp","href":"https:\/\/api.w.org\/{rel}","templated":true}]}}